k - i + k - 2*k. What are the prime factors of h(-4)?
2, 3
Suppose -85 + 945 = 10*m. What are the prime factors of m?
2, 43
Suppose -4*y + 4*v = -72, 4*y = -2*v + 162 - 60. What are the prime factors of y?
23
Suppose 2*c = -s + 100, -5*s = -5*c + 5 + 260. List the prime factors of c.
3, 17
Let m be ((-6)/(-4) - 2)/((-1)/4). Suppose -4*d = -4*p - 2 - 2, -d + 9 = p. Let h = p - m. List the prime factors of h.
2
Let g(q) = -q - 5. Let x be g(-4). Let l = 1 - x. Suppose 0 = y - 1 - l. What are the prime factors of y?
3
Suppose -3*p + 4*p - 2*m = 32, 2*p - 5*m = 67. What are the prime factors of p?
2, 13
Let s be ((-2)/(-3))/((-2)/(-3)). Suppose 2*q - 1 = q. List the prime factors of 3*q*(2 - s).
3
Let b(o) = -o**2 - o + 4. Let u be b(2). List the prime factors of (u + 5)*(-90)/(-6).
3, 5
Let w = 29 + -24. Let i = 8 + -4. Suppose i*o - w*o = -11. List the prime factors of o.
11
Let s = -76 + 226. What are the prime factors of s?
2, 3, 5
What are the prime factors of (1 + -1 - -87)*8/12?
2, 29
Let w(q) be the first derivative of q**3/3 - 3*q**2 + 20*q + 1. What are the prime factors of w(6)?
2, 5
Let y(q) be the second derivative of -q**8/6720 + q**7/360 - q**6/180 + q**4/12 + 2*q. Let i(c) be the third derivative of y(c). List the prime factors of i(6).
2, 3
Suppose 4 + 2 = 3*b, 0 = 3*r - b - 13. Suppose g = 2*n + 11, -2*n - 2*n - r*g = 29. Let c = 0 - n. What are the prime factors of c?
2, 3
Let c(g) = g**3 - g**2 + g + 1. Let v be 2/5 - (-48)/30. What are the prime factors of c(v)?
7
Let l be ((-4)/6)/(2/(-3)). Let x(z) = z - l + 1 - 2. What are the prime factors of x(4)?
2
Let m(q) = q**3 - 6*q**2 + q - 3. Let x be m(6). Suppose -x*r - 2 = -4*r. Suppose 6 = 3*h + r*f + f, 14 = 3*h - f. What are the prime factors of h?
2
Suppose -4 = -2*f - 2, -3*u - 3*f = -699. What are the prime factors of u?
2, 29
Let o = 2 + 1. Suppose -51 = -0*h - o*h. List the prime factors of h.
17
Let i be (4/2 - 0) + 0. Suppose -20 = -i*y - 2*y. List the prime factors of y.
5
Suppose 4*h - 1 = -13, 3*x - 24 = 5*h. What are the prime factors of x?
3
Let c = 23 - 15. Suppose 2*h + 2 = -4*k, 3*k - 4*h = h + 5. Let f = c + k. List the prime factors of f.
2
Let f(k) = -k**3 - 3*k**2 + 3*k - 8. List the prime factors of f(-6).
2, 41
Suppose -g - 3 = 0, 2*u - g - 2 - 103 = 0. List the prime factors of u.
3, 17
List the prime factors of (-1792)/(-36) + (-10)/(-45).
2, 5
What are the prime factors of 565/10 + 9/(-6)?
5, 11
Let v(o) = o + 4. Let u be v(2). Suppose -2*s + 70 = 4*g, -79 = -5*g - 3*s + u. What are the prime factors of g?
2, 5
Let r(p) be the third derivative of p**5/30 - p**4/4 + 2*p**3/3 + 4*p**2. What are the prime factors of r(4)?
2, 3
Suppose -30 = -2*c - 4*p, 3*c + 4*p - 5*p - 10 = 0. Suppose 0 = c*u + 3 + 2. What are the prime factors of (-2 - u) + -1 - -19?
17
Let j(o) be the third derivative of -o**4/24 - 2*o**3/3 + o**2. Let q be j(-6). Suppose l + q - 10 = 0. What are the prime factors of l?
2
Let w(b) = -2*b + 9. List the prime factors of w(-9).
3
Suppose 3*i - 4*i - 25 = 0. Let q = -7 - i. What are the prime factors of q?
2, 3
Let y(a) = -8*a**2 + 0*a**2 + 0*a**3 - a**3 - 10*a - 2*a**2 - 5. What are the prime factors of y(-9)?
2
Let h = 138 + -56. What are the prime factors of h?
2, 41
Let v(m) = -m**3 - 4*m**2 - 5*m - 3. Let a(u) = -u**3 - 3*u**2 - u - 1. Let q be a(-2). What are the prime factors of v(q)?
3
Let u = 1 + 1. Suppose 0*v - u*v + 66 = 0. Suppose 3 + v = 4*s. What are the prime factors of s?
3
Let z(u) = 2*u + 9. Let j be z(-6). What are the prime factors of (-20)/(-1) + (-4 - j)?
19
Let g be ((-5)/((-15)/6))/1. Suppose 40 = 2*u - g. What are the prime factors of 300/u + (-2)/7?
2, 7
Let w be (12/(-3))/(1/(-8)). Suppose -4*r = f - 24, 0 = -5*f - 2*r + 16 + w. What are the prime factors of f?
2
What are the prime factors of 4/(-5 + 17) - (-616)/6?
103
Let m(n) = n**3 - 3*n**2 - 4*n + 2. Let v be m(4). Suppose -19 = -0*z - z + v*i, 3*z = 2*i + 45. List the prime factors of z.
13
List the prime factors of (129/(-2))/(33/(-44)).
2, 43
Let w(p) = -8*p. Let v be w(1). Let g(s) = 7*s + 12. Let u(f) = -15*f - 25. Let m(a) = -13*g(a) - 6*u(a). List the prime factors of m(v).
2
Let j(z) = z. Let k(t) = t**3 + 3*t**2 + t. Let g = -6 + 5. Let c(o) = g*k(o) + 3*j(o). What are the prime factors of c(-4)?
2
Let y = -3 + 6. Suppose 0 = -a + 11 - y. Let g = a + -2. List the prime factors of g.
2, 3
Let r = -20 + 97. List the prime factors of r.
7, 11
Suppose 2*q - 2 = j - 0*j, 3*j = 6. Let h(t) = t - t**3 + 3 + 9*t**q + 1 + 3. List the prime factors of h(9).
2
Let i(k) = -49*k. What are the prime factors of i(-1)?
7
Let t be 14*1/2*-1. Let g = t - -28. List the prime factors of g.
3, 7
Let o(b) be the first derivative of 8*b**3/3 - b**2/2 - b + 5. List the prime factors of o(-1).
2
Let p = 25 - -71. Suppose 3*x + 0*x = p. List the prime factors of x.
2
Let l(m) = 5*m**2 - 2*m - 1 + 3*m**2 + 3*m - 6*m**2. List the prime factors of l(-2).
5
Suppose 0 = u + 3*j + j - 48, -76 = -2*u - 4*j. What are the prime factors of u?
2, 7
Suppose -f + 2*f = 0. Suppose 4*i - 8*i + 20 = f. List the prime factors of i.
5
Suppose 0*t = -3*t + 3, -8 = h - 2*t. List the prime factors of 39/h*(-2 - 0).
13
Let y = -183 + 419. What are the prime factors of y?
2, 59
Let b = -12 + 20. Suppose -11 = -z + 3*a, -2*z - 6*a = -2*a + b. Suppose z*d + 4 = 26. List the prime factors of d.
11
Let y(g) = 1 + 7 - g**2 - 2 + 9*g. List the prime factors of y(5).
2, 13
Let d = 118 + -67. List the prime factors of d.
3, 17
Let n(y) = 17*y**2 - 1. Let p = 3 - 2. What are the prime factors of n(p)?
2
Suppose -2*k - 2*k + 5*c - 12 = 0, -4*k + c - 28 = 0. List the prime factors of (6/k)/((-1)/4).
3
Let h(x) = x**3 + 6*x**2 - 6*x - 3. Let u be h(-6). Suppose -u = f - 4*f. What are the prime factors of f?
11
Let s(q) = -q**2 + 8*q - 2. Let g(k) = 8*k**2 - 2*k + 1. Let p be g(1). Let x be s(p). Suppose -l + 5*l + 20 = 0, 50 = 5*w - x*l. List the prime factors of w.
5
Let t(c) = -c + 0 - 7 - 2 + 2*c. Let j be t(9). Suppose j = 5*i - 2*i - 18. What are the prime factors of i?
2, 3
Let p be 738/24 + 6/(-8). Let f = p + -9. List the prime factors of f.
3, 7
Let k(b) = 6*b - 1. Let q be k(4). Let z = 38 - q. List the prime factors of z.
3, 5
Suppose -3*g + 2*a = 1, -a - a = -4. Let h = g + 9. List the prime factors of h.
2, 5
Suppose 0 = -q - 0 + 3. What are the prime factors of (-21)/(3/q + -2)?
3, 7
Let h = 48 + -24. What are the prime factors of h?
2, 3
Let h(j) be the first derivative of -9*j**2/2 + j - 3. Let w be h(-3). Let f = w - 15. What are the prime factors of f?
13
Let b(l) = l + 3. Let j be b(7). Let y be 4/((j/(-4))/5). What are the prime factors of (-4)/y - 42/(-4)?
11
List the prime factors of (107/3)/(22/33)*4.
2, 107
Suppose 5*w = -13 - 32. Let n be (w/(-12))/((-2)/(-24)). List the prime factors of (-2)/n - 476/(-36).
13
Let z(l) = -l**3 + 10*l**2 - 6*l + 4. What are the prime factors of z(9)?
31
Let g = -17 + 34. Let r = g + -8. List the prime factors of r.
3
Let r be 8/(-6)*(1 - 4). Suppose 5*d = 4*o - 8 - 15, -o - r*d - 10 = 0. Suppose 3 = -o*z + 3*i, -2*i + 9 = i. What are the prime factors of z?
3
Let c = 1 - -1. List the prime factors of c.
2
Let f = -2 + -4. Suppose r - 33 = 4*r. Let b = f - r. List the prime factors of b.
5
What are the prime factors of 4290/50 - (-2 + (-9)/(-5))?
2, 43
Suppose -5*y = -y - 16. Suppose -5*m - 13 = 3*b, 4*m - m = y*b - 31. Suppose 5*k = b*g + 2*k - 23, -g + 4 = k. What are the prime factors of g?
5
Suppose 0 = -4*v - 2*q + 10, -5*v = -8*v + q + 10. What are the prime factors of v?
3
Let y = 13 + -8. Let f(z) = -y - 6*z + z + 1 + 2*z. List the prime factors of f(-6).
2, 7
Let k(v) = -v**3 - v**2 - v - 1. Let y(z) = 3*z**2 + 3*z - 1. Let r(x) = -k(x) - y(x). List the prime factors of r(3).
5
Let b(m) = m**3 - 4*m**2 + 3*m + 7. Let t be b(5). Suppose 2*a = -t - 7. What are the prime factors of (-318)/a - 2/(-9)?
2, 3
Let j = -243 - -63. Suppose 4*p - 9 = -2*f + 3, -3*f + p = -25. What are the prime factors of j/f*(-4)/6?
3, 5
Let q(i) = -i**2 + 7*i - 6. Let h be q(6). List the prime factors of (2 - -30) + h/1.
2
Let r(a) = -a**3 + 11*a**2 + 9*a + 17. List the prime factors of r(10).
3, 23
Suppose -2*z + 2*n - n = -49, 0 = -z - 3*n + 28. Let y be 2 + (1 